(f) = 4*c(f) - 9*y(f). Let r = 0 + 0. Calculate v(r).
3
Let n(b) = -147*b**3 - 49*b**2 + 75*b + 71. Let c(w) = -22*w**3 - 7*w**2 + 11*w + 10. Let l(u) = 20*c(u) - 3*n(u). What is l(-7)?
22
Let p(d) = -3 - 4571*d**3 + 4 - 2*d + 4560*d**3. Let u = 1159 - 1158. Calculate p(u).
-12
Let c be -66*(-3)/(-6)*-2. Let d(l) = -134 + 67 + c. Let q(v) = -v**2 - 2*v - 1. Let t(b) = 2*d(b) - q(b). Calculate t(2).
7
Suppose k = 3*j - 5, 0 = -k - j + 20 - 13. Let h(u) = 0*u - 2*u + 13 - k - u**3 + 8*u**2 + 2. Calculate h(8).
-5
Let c(g) = -9*g - 2. Let j(z) = -z + 1. Let k(a) = c(a) - 2*j(a). Suppose 87*s = 83*s - 8. Determine k(s).
10
Let j(l) = -l**2 + 15*l + 45. Let m be j(15). Let u be (-3)/m - 610/(-150). Let a(f) = f**3 - 6*f**2 + 10*f - 2. Calculate a(u).
6
Let q(r) = 21*r - 2706 + 1292 + 1282. What is q(6)?
-6
Let h(v) = -3*v - 25. Let r(d) = 14 + 8928*d - 8920*d + 57. Let g(p) = -17*h(p) - 6*r(p). Calculate g(-3).
-10
Suppose -14*h + 137 - 109 = 0. Let m(z) = -3*z + 3*z**2 + 15*z**2 - z**3 + 7 - 22*z**h - 5. Give m(-3).
2
Suppose -4*x = -g - 7, g - x = -6 - 1. Let o(n) = 7*n**2 - 9*n - 159. Let h(i) = -4*i**2 + 4*i + 88. Let q(v) = -9*h(v) - 5*o(v). What is q(g)?
-11
Suppose -2*l + 35 = -7*l. Let q(m) = -m + 1031 - 2070 + 1026. Determine q(l).
-6
Let a(g) = -g**3 + 5*g**2 + 8*g - 6. Let c be a(6). Let x(n) = 10*n**2 + 4. Let v(k) = 13*k**2 + 2*k + 3. Let s(j) = -3*v(j) + 4*x(j). Calculate s(c).
7
Let y(r) be the third derivative of -r**5/10 + 29*r**4/4 - 293*r**2. Calculate y(29).
0
Let z be 20*(18/(-10) + 2). Suppose 0 = -n - 2*y + 21, 2*n + 3*n - z*y = 35. Let s(u) = -u**2 + 13*u - 12. What is s(n)?
10
Let x(c) = 7 + 3 - c - 3. Suppose -2*g = -5*s + 27 - 17, 42 = 2*s + 3*g. Give x(s).
1
Let q(y) = 2*y**3 + y**2 + 2*y + 23. Let t be q(0). Let p(f) = -f**2 + 27*f - 81. What is p(t)?
11
Let i = -361 + 361. Let t(d) = d**2 - 7 - 306*d + 302*d + i*d**2. Let x(z) = -z**3 - 11*z**2 + z + 16. Let b be x(-11). What is t(b)?
-2
Let l(p) = -p**3 + 2*p**2 - 2*p + 3. Let c be (-2)/(-4) - (-2 - 150/(-12)). Let s be ((-25)/(-10))/(c/(-8)). What is l(s)?
-1
Suppose r - 3*s = 0, 0 = 4*r + s + 196 - 209. Let w(j) = 74*j - 217. What is w(r)?
5
Let l = -18 - -13. Suppose 8*q - 12 = 20. Let o(y) = y**2 - 2. Let x(h) = 5*h**2 + 8*h - 3. Let b(z) = q*o(z) - x(z). What is b(l)?
10
Let f be (1 - 3) + 2 + -19. Let h = f - -15. Let j(g) be the third derivative of -g**4/12 + g**3/3 + 2*g**2. Calculate j(h).
10
Let f(q) = 415*q + 33. Let j(u) = -1348*u - 100. Let g(l) = -13*f(l) - 4*j(l). Determine g(9).
-56
Suppose -336 + 83 = 36*a + 179. Let v(t) = 2*t**2 + 26*t + 26. What is v(a)?
2
Suppose 0 = 2*b - 13 - 1. Let d(t) = 69*t + 40. Let o be d(0). Let v(m) = -10*m**2 - 10*m**2 + o*m**2 - 16*m**2 - 7 + 8*m - 5*m**2. Determine v(b).
0
Suppose 5 - 3 = 2*f. Let x(q) = 209*q + 210*q + 201*q - 829*q + 198*q + 1. Calculate x(f).
-10
Let h(j) = -31*j - 220. Suppose -v + 3*g = 10, -3*g = -6*v + 2*v - 31. Let a be h(v). Let o(t) = -3 + 3 - 2*t + t**3 - 2*t**3 - 5*t**2. Determine o(a).
-12
Let a(k) = -2*k**2 - 4*k - 7. Suppose -n - l - 119 + 492 = 0, 0 = -3*l + 9. Let v = 365 - n. Determine a(v).
-37
Let z = 243 + -244. Let t(d) = 5*d**3 - 6*d**2 + 4*d + 1. Let u(f) = 2*f**3 - f**2 + 1. Let y(n) = z*t(n) + 3*u(n). Calculate y(-4).
2
Suppose n + 1555 = -q + 1563, 0 = 5*q - 4*n + 23. Let u(x) = 5*x**3 + 5*x - 4. Calculate u(q).
6
Let l(r) = -8*r**2 + 4*r - 1. Let b(c) = 2*c**3 - 185*c**2 + 95*c - 278. Let f be b(92). Calculate l(f).
-41
Let r(x) = -x**2 + x + 4. Let z(s) = s**2 - 14*s + 17. Let q = -48 - -50. Let f(i) = 3*i + 7. Let o be f(q). Let u be z(o). Give r(u).
-8
Let j(k) = -k**2 + 7*k - 14. Let y(d) = 3*d**2 - 19*d + 42. Let g(s) = 10*j(s) + 3*y(s). What is g(11)?
8
Let u(b) be the first derivative of -b**3/3 - 3*b**2/2 - b - 23. Let y(s) = 22*s**2 + 2*s. Let h be y(-1). Let n be ((-2)/4)/(h/120). Calculate u(n).
-1
Let k(s) = s**2 - 1. Suppose -4*p = p. Suppose p = -y - 11*y. Determine k(y).
-1
Let j be 9/3 + (23 - 16). Let t be (60/(-50))/(2*(-2)/j). Let n(v) = v**3 - 5*v**2 + 3*v - 3. Calculate n(t).
-12
Suppose 4*o - 33 = 4*b + 903, 4*o = 2*b + 926. Let q(d) = o + 4*d - 232 - d + 0*d. Let l be (-2 + -1)/(3/(-2)). Calculate q(l).
3
Let r(v) = -4*v**3 + v**2 + 5*v + 4. Let u be r(-1). Let i(o) = -o + 15 + 7*o**2 - 13 - o**3 - u*o**2. What is i(2)?
4
Suppose 5*h = -b - 55, -19 = 4*h - 4*b + 1. Let f(i) = 118*i + 13 - 9 - 36*i - 35*i - 19 - 49*i. Determine f(h).
5
Let s(c) = -127 - 106 - c - 144 + 399 - c**2 + 0*c. Give s(3).
10
Suppose 2*s - 3 = a, 0 = -2*s - s - 3*a + 9. Let o(y) = s - 1 - 4 - 2 + 0 - 7*y + y**2. Determine o(7).
-5
Let o(k) = -77*k + 5929. Let m be o(77). Let i(c) = -c**2 - 25*c - 3. Give i(m).
-3
Let v(j) = -8*j**2 - 550*j + 129. Let a be v(-69). Let z(l) = -l**2 - 12*l - 34. Determine z(a).
-7
Let a(u) = 4*u**3 - 2*u**2 + 2*u - 1. Suppose 3*l = -2*w + 13, -l + 6*l - 4*w - 7 = 0. Let h be (l/(-12))/(2/(-8)) + 38. Suppose -h = -z - 38. Determine a(z).
3
Let n = -251 + 236. Let h(w) = 4*w + 71. Let r(y) = -8*y - 148. Let k(i) = 5*h(i) + 2*r(i). Determine k(n).
-1
Let v = 9 - 8. Suppose 4*c = -5*g - v, -c = -g + c + 11. Let o(p) = 2*p - 138 + 41 + 65 + 34. Determine o(g).
8
Let r(k) = k**3 - 10*k**2 + 9*k + 4. Suppose -84 = 3*h - 3*d + 69, -3*h + 4*d = 152. Let g be ((-117)/h)/(2/8). What is r(g)?
4
Let k be -2*(-3)/((-6)/4). Let w(y) = -1393 + 0*y - 1396 - y**2 - 2*y + 2789. Calculate w(k).
-8
Suppose -5 + 215 = 21*x. Let u(i) = i - 6. What is u(x)?
4
Let b(z) = -5*z**3 + 33*z**2 + z - 53. Let a(g) = 3*g**3 - 22*g**2 + g + 35. Let m(c) = 8*a(c) + 5*b(c). Determine m(-12).
3
Let m = -7 - -6. Suppose 5*c - 7 + 56 = 4*o, 0 = 5*c + 25. Let p(r) = 5*r + o*r - r + 1. Determine p(m).
-9
Let m(k) = -78795*k + 7 - 2 + 78790*k - 1. Suppose 0 = w - 4*w + 4*s - 32, s = 5. What is m(w)?
24
Let k(b) be the second derivative of b**4/12 + b**3 - 2*b**2 - 2*b. Suppose 8*u - 11*u = 4*p - 2177, 0 = 4*u - 3*p - 2886. Let o = -729 + u. Give k(o).
-4
Suppose 4*n - 6*n - 3*o = -33, 0 = -4*n + 3*o + 93. Suppose 40*s = 44*s - 60. Let c(p) = -2 + 35*p - n*p - s*p. Give c(-2).
0
Let n(b) = 5*b**2 + 43*b - 20. Suppose -13*y = 101*y + 1026. Calculate n(y).
-2
Let q = 0 + 0. Let z(b) be the second derivative of b**5/60 + 7*b**3/6 - 105*b**2 + 102*b. Let t(d) be the first derivative of z(d). Determine t(q).
7
Let t(p) = 4*p. Let l(u) = 393*u**3 + 2*u**2 + 8*u - 9. Let r be l(1). Let o = r + -395. Give t(o).
-4
Let r(p) = p**3 + p**2 + 15. Let v be 0/((-6)/(-10) - 442/170). What is r(v)?
15
Let o(t) = 17 - 2*t**3 + t + t**2 - t**3 + 2*t**3. Suppose 0 = 4*u - 5*v - 30, -u + v - 26 = -32. Calculate o(u).
17
Let k(s) = s**2 - 8*s - 9. Let p = 12 + -8. Suppose -p*c + 18 = 2*u, 16*u = c + 12*u - 27. Determine k(c).
-16
Let m = 116 - 121. Let d(z) = -3*z**3 - 9*z**2 - 21*z - 19. Let r(k) = 5*k**3 + 13*k**2 + 32*k + 29. Let n(s) = m*r(s) - 8*d(s). Determine n(8).
7
Let u be 20/(-4)*-1*9/15. Suppose 4*o + 5*t + 42 = 0, t - 4 = u*t. Let x(i) = -3*i - 19. Calculate x(o).
5
Let j = 108 + -170. Let u = j - -83. Suppose -g = 6*g - u. Let l(x) = 2*x**2 + x - 4. Calculate l(g).
17
Let z(y) = -2*y**2 + 7*y + 4. Let t(h) = 3*h**2 - 6*h - 6. Suppose -89*u = -90*u - 4. Let x(l) = u*z(l) - 3*t(l). Determine x(-9).
11
Let m(v) = -v**3 - 5*v**2 - v + 5. Let i be m(-4). Let q(a) = 10*a + 4*a - 27*a + 16*a + 5. Give q(i).
-16
Let o be -1 + (-1)/1 + -6. Let y(s) be the third derivative of -s**4/8 - 3*s**3 - 2*s**2 - 378*s. What is y(o)?
6
Let b(z) be the first derivative of 1/3*z**3 - 14*z - 9/2*z**2 - 91. What is b(10)?
-4
Let d(l) = -19*l**2 + 9*l - 26. Let c(v) = 19*v**2 - 9*v + 34. Let s(k) = 3*c(k) + 4*d(k). Determine s(1).
-12
Let j(s) = 12*s**2 - s - 1. Let u be (2*-2)/(11 - 135/15). Calculate j(u).
49
Let c(q) be the third derivative of q**5/60 - q**4/4 - 2*q**3/3 - 14*q**2 - 2*q + 86. Let p be 1078/91 - (-4)/26. Suppose f - p = -f. Give c(f).
-4
Let z(m) = m**3 - 8*m**2 + 10*m - 2. Let t(d) = 3*d - 159. Let j be t(37). Let g be ((-8)/(j/21))/((-2)/(-4)). Give z(g).
19
Suppose 12*p + v = 9*p - 71, 5*p - 2*v + 122 = 0. Let o(t) = -9*t - 221. Give o(p).
-5
Let b = 40 - -94. Let m(f) = b - 62 - 72 - f. What is m(4)?
-4
Let z(d) = 22 - 72*d + 226*d - 2*d**2 - 94*d + 16 - 65*d. Determine z(-6).
-4
Suppose 8 = 4